ive of w(v). What is h(-3)?
1
Let b(x) = -x + 11. Suppose -24 = -4*c + 8. Let n be b(c). Let k(h) = -h + h - n*h + 0 + 1. Calculate k(2).
-5
Let g(c) = -c + 5. Suppose 2*f = 3*q - 15, 4*q - 5*f = -f + 24. Determine g(q).
2
Let n(j) be the second derivative of -j**3/6 - 3*j**2/2 - 23*j - 7. Let w = 12 + -2. Suppose 4*k + w = 2*k. Calculate n(k).
2
Let y be 192/(-144)*(-2)/(8/(-39)). Let u(l) be the first derivative of l**4/4 + 4*l**3 - 13*l**2/2 + 3*l - 1. Determine u(y).
3
Let i(v) = 10*v**3 + 18*v**2 - 4*v + 25. Let l(p) = 7*p**3 + 12*p**2 - 3*p + 17. Let m(w) = -5*i(w) + 7*l(w). Give m(-6).
0
Let c(i) = 5*i**2 - 5*i + 1. Let s(a) = -4*a**2 + 4*a - 1. Let b(f) = -5*c(f) - 6*s(f). What is b(-4)?
-19
Let l(g) = -g**3 - 4*g**2 + 5*g - 7. Let p(x) = -6*x**2 + x + 1. Let y be p(-2). Suppose -u - 3*u = 2*r + 24, 3*u = -2*r - 28. Let b = y - r. Calculate l(b).
-7
Let m(c) = -c**3 - 17*c**2 - 16*c + 3. Let t be m(-16). Suppose -4*k = -t*a - 2, 6*k = -a + k - 26. Let b(i) = i**2 + 8*i + 4. Calculate b(a).
-8
Let r(t) = -t + 2. Suppose 0 = 3*h - k + 6, 10*k - 8 = 2*h + 8*k. Calculate r(h).
3
Suppose -6*a - 16 = -4*a. Let v(i) be the third derivative of -i**6/120 - 7*i**5/60 + i**4/3 + 5*i**3/6 + 8*i**2. Determine v(a).
5
Let q(l) = -2*l**3 + 2*l**2 - l + 5. Let t(h) = 29*h - 288. Let s be t(10). Determine q(s).
-5
Let k(a) be the third derivative of a**6/120 - a**5/6 + 5*a**4/12 + 4*a**2 - 10. Give k(9).
9
Let b = -6 - -9. Let q(p) = -b*p**2 + p + 9*p**2 + 1 - 5*p**2 + 2*p. Suppose 3*x - 5*d = -28, 7*x - 5*d = 2*x - 30. Determine q(x).
-1
Let t(n) = n**3 - 4*n**2 - n + 3. Let v be 2 - 14 - 4/1. Let d(i) = -i**3 - 16*i**2 + 3. Let m be d(v). Determine t(m).
-9
Suppose -6*r + 18 = -0*r. Let p(j) = -4*j + j + 6 - j + 3*j. Determine p(r).
3
Suppose -71*a + 84*a - 117 = 0. Let c(s) = 4*s + 7. Determine c(a).
43
Suppose 31*t = 9 + 84. Let c(x) = -2*x**2 + 6*x - 2. Calculate c(t).
-2
Suppose 4*s + 2*x - x = 4, 0 = 2*s + 2*x - 8. Let f(z) = -6 - z + 15 - 8 - 10. What is f(s)?
-9
Let l(u) be the first derivative of -7*u**6/180 + u**4/24 + u**3 - 19. Let y(t) be the third derivative of l(t). Calculate y(1).
-13
Let h = -23 + 26. Let r(t) = -28*t**3 + 2*t**2 + 0 - 1 + 27*t**3. What is r(h)?
-10
Let r(y) = 18*y + 21*y - 42*y + 23. Determine r(7).
2
Let p = 116 - 121. Let r(l) = l**3 + 4*l**2 - 5*l + 7. Give r(p).
7
Let a(u) = -1919*u + 1 - 1912*u + 3830*u. Determine a(13).
-12
Let t(l) be the second derivative of l**5/20 - l**4/12 + l**3/6 + 12*l**2 - 64*l. Determine t(0).
24
Let r = 4/31 + 85/62. Let n(q) be the first derivative of 2 - r*q**2 + 4*q. Give n(4).
-8
Let h(k) = k**3 + k**2 + k - 1. Let t(u) = 3*u**3 + 3*u**2 + 3*u + 1. Let g(s) = -2*h(s) + t(s). Suppose -2*m + 4*l + 4 = -4, -2*l = 4. What is g(m)?
3
Let g = 5 - 12. Let h be (-9)/21*g/1. Suppose h*t - 7 = -1. Let q(j) = -j**3 + 4*j**2 + j - 2. Calculate q(t).
8
Suppose 0 = 2*a + 2 - 6. Let l(t) = 7 + t**2 + 0*t**a - t + 2 + t**3 - 7. Give l(-2).
0
Let x(s) be the first derivative of -7/2*s**2 - 2*s - 23. What is x(3)?
-23
Let q(t) = t + 3. Let r(p) = -5*p - 9. Let d(c) = -11*q(c) - 2*r(c). What is d(-13)?
-2
Let j(r) = r**3 - 4*r**2 - 7*r + 3. Suppose 0 = 11*m + m - 816. Let f = m - 63. Determine j(f).
-7
Let h(z) = z**2 + 3*z - 4. Let y = -514 - -508. What is h(y)?
14
Let s(b) = b**2 - 4*b + 2. Let t = 2 + 2. Let u be s(t). Let a(m) = -3*m + u + 0 + 1 - 6. Determine a(-4).
9
Let o(m) = -m**3 - 7*m**2 + 3*m + 14. Let v be o(-7). Let r = 4 + 1. Let f = r + v. Let u(t) = t**3 - t + 1. Calculate u(f).
-5
Let t(n) = -15*n**3 + 17*n**2 - 14*n - 16. Let s(x) = -13*x**3 + 16*x**2 - 13*x - 15. Let w(z) = 7*s(z) - 6*t(z). Give w(9).
9
Let s(u) = -5*u**3 + 7*u**2 - u + 4. Let t(o) = 12*o**3 - 15*o**2 + o - 7. Let h(k) = 5*s(k) + 2*t(k). Determine h(4).
10
Let b = -36 + 28. Let m(w) be the first derivative of -w**3/3 - 4*w**2 + 64. Give m(b).
0
Let t(u) be the first derivative of 8*u**3/3 - 3*u**2/2 - 2*u + 4. Determine t(-2).
36
Let y(d) = d + 7. Let b(k) = k**3 - k**2 - k + 2. Let u be b(0). Suppose u - 18 = 2*l. Calculate y(l).
-1
Let o(n) = -3*n. Let z(c) = 7*c - 1. Let t(h) = 5*o(h) + 2*z(h). Let x be t(-7). Let f(d) = d**2 - 6*d - 6. What is f(x)?
-11
Let b(k) = 3*k + 1. Let m(w) = 2*w + 4. Let j be m(-1). Suppose 5*p - 2*o = 1, 0 = j*p - 3*o + 1 - 8. Calculate b(p).
-2
Let g = 7 - 2. Let a(u) = -2. Let y(q) = 1. Let b(v) = 2*a(v) + 5*y(v). Let t(w) = -2*w + 13. Let c(h) = -6*b(h) + t(h). Determine c(g).
-3
Let j(z) = -10*z + 34. Let o(g) = -6*g + 22. Let f(b) = 5*j(b) - 8*o(b). Suppose -c + 1 = 8. Give f(c).
8
Let b = 7 + -1. Let f(a) = a**2 - 6*a - 2. Let u(v) = 2*v**2 - 11*v - 5. Suppose 35*w = 40*w + 25. Let r(p) = w*f(p) + 3*u(p). Calculate r(b).
13
Suppose 8*h = 50 - 58. Let m(w) = -39*w. Calculate m(h).
39
Let n(v) = 4*v**3 + 2*v**2 + v + 3. Let b(d) = -11*d**3 - 4*d**2 - 2*d - 10. Let p(z) = -3*b(z) - 8*n(z). Calculate p(4).
-2
Let g be 13/4 - 5/20. Let l(o) = 4 - 7 - 1 + 0 + g*o. What is l(4)?
8
Suppose -5*n - 33 + 3 = 0. Let v(z) = 3*z + 6. Let o(m) = -4*m - 7. Let g(x) = 4*o(x) + 6*v(x). What is g(n)?
-4
Let f = 2 - -1. Let l(r) = -12*r - 5. Let t(j) = -6*j - 2. Let c(m) = f*l(m) - 7*t(m). Determine c(1).
5
Let j(a) = a**3 + 2*a**2 + 2*a + 3. Let c(s) = -6*s**2 - 1 + 8*s - 13*s + 5*s**2. Let z be c(-4). Suppose z*f - 4 = -13. Determine j(f).
-12
Suppose y + 25 = -4*q, 3*y + q = 4*q - 15. Let t(r) = -r**3 - 10*r**2 - 9*r + 5. Determine t(y).
5
Let f(x) = 335 - x - 336 + 2*x. What is f(0)?
-1
Let r(i) = 4*i**3 - i**2 - i - 1. Suppose -13*d + 19 = -7. Give r(d).
25
Let i(p) = -3*p + 4. Let w(m) = -m - 20. Let c be w(-26). Calculate i(c).
-14
Suppose 36*z + 18 = 42*z. Let u(d) be the second derivative of 0 + 2/3*d**z + 2*d**2 - d - 1/12*d**4. Determine u(4).
4
Let c(a) be the second derivative of -a**7/840 + a**6/240 - a**5/60 - a**4/6 + 17*a. Let y(x) be the third derivative of c(x). Give y(2).
-8
Let c(k) = -3*k + 3. Suppose 4*i + 53 = -5*n, 0*n - 4 = 2*i - 2*n. Determine c(i).
24
Let h be (9/6)/((5/2)/5). Let n(w) = -2*w**h - 10*w**2 + 5*w**2 - 2 + 2*w**2 - 2*w. Calculate n(-2).
6
Let b(z) be the third derivative of -z**7/840 + z**6/72 + z**5/30 - 4*z**3/3 + 10*z**2. Let m(a) be the first derivative of b(a). Give m(6).
-12
Let a = 318 + -323. Let g(o) = o**3 + 6*o**2 + 2*o - 3. Give g(a).
12
Suppose -3*s - 5 - 10 = 0. Suppose -3*l - 71 = -50. Let z(g) = -2*g - 1. Let m(x) = 3*x + 2. Let k(j) = l*z(j) + s*m(j). Calculate k(-5).
2
Let v(d) = -38 + 35 + d**2 - 3*d**2 - 4*d + d**2. Let m be ((-15)/(-1))/(9/6). Suppose 2*g + 0*g + m = 0. What is v(g)?
-8
Let o(v) = -3*v**3 + 2*v**3 - 691*v**2 + 8*v + 682*v**2 + 7 + 2*v**3. Give o(8).
7
Let x(v) = -v**2 - 9*v + 10. Let f be x(-13). Let k = 44 + f. Let z(g) = -2*g**2 + 3*g - 1. Calculate z(k).
-3
Let u be (-2)/(-2) + -1 - 5. Let f(s) = -s**3 + 1. Let n(w) = w**3 - 4*w**2 + 6*w. Let g(x) = 2*f(x) + n(x). Calculate g(u).
-3
Let l(s) = -1341*s + 2 + 1 + 1342*s. Give l(-4).
-1
Let j be 3/9*(-6 - -7). Let o(y) be the first derivative of 5/2*y**2 - y - 3 - j*y**3. Give o(2).
5
Let h(n) = -4 + 2580*n - 3 - 2575*n. What is h(5)?
18
Let a(p) = 4*p**2 - 9*p + 13. Let z(l) = 3*l**2 - 6*l + 9. Let c(n) = -5*a(n) + 7*z(n). Calculate c(-4).
2
Let n(l) = -l**3 + 5*l**2 - 7*l + 7. Let x be n(4). Let a be (-17)/x + (12/(-15))/2. Let q(b) = b**3 - 4*b**2 - b + 1. Calculate q(a).
-11
Suppose 0 = -5*r - 0*r. Suppose -3*v + 0*v = r. Let p(h) = 7*h - 7. Let y(n) = 12*n - 14. Let z(g) = 5*p(g) - 3*y(g). Give z(v).
7
Let n(m) = -2 - 1903*m + 6 + 1902*m. Determine n(11).
-7
Let o(y) = y**3 - 2*y - 8*y**2 - 12*y**2 + 11*y**2 + 12. Determine o(9).
-6
Let j(c) = -234*c + 13 - 9 + 235*c. Let l = -3 - 0. Determine j(l).
1
Let n(w) = 3*w - 3 - 2*w + w**3 - 1. Suppose -5*l + 5*i - 2*i - 4 = 0, 19 = 4*l + 5*i. Let z be (-6)/(-3) + (-1 - l)*1. What is n(z)?
-4
Let j(b) = -b**3 - 5*b**2 - 3*b + 5. Let d(g) = -9 + 20 + 2*g**2 - 6 - 3 - 8*g. Let z be d(3). What is j(z)?
1
Let c(p) be the second derivative of p**4/12 + p**3/6 - p**2/2 + 11*p. Let a(s) = 4*s**2 + 4*s - 2. Let w(g) = -2*a(g) + 7*c(g). What is w(0)?
-3
Let p(m) = -3 - 3 - 227*m + 230*m. Calculate p(-6).
-24
Let s(c) be the third derivative of 7/6*c**3 + 0*c + 0 - 7*c**2 - 1/60*c**5 - 1/6*c**4. Determine s(-6).
-5
Let p(k)